emainder when m(6) is divided by 20.
18
Suppose -8 = 2*u, -2*u - 40 = -2*d + 6*d. What is the remainder when 1/(2 - 25/13) is divided by d/12 + (-34)/(-6)?
3
Suppose 9 + 12 = 3*f. What is the remainder when 20 is divided by f?
6
Suppose 4*u = -u + 160. Suppose 0*j - 8 = 2*j, 5*g - 3*j - 437 = 0. Suppose -g + 17 = -4*y. What is the remainder when u is divided by y?
15
Calculate the remainder when 65 is divided by -1 + -1 + 5 + 32 + -1.
31
Let x = 3 - -1. Let v = x - -2. Calculate the remainder when 21 is divided by v.
3
Suppose -7 = -5*h + 2*h + 4*m, -3*h - 5*m + 25 = 0. Suppose 4*j - 25 = -h. What is the remainder when 19 is divided by j?
4
Let o(q) = -39*q - 113. Let s(w) = -w**2 + 8*w - 2. Calculate the remainder when s(6) is divided by o(-3).
2
Let g be (-1)/5 - (-82)/10. Suppose -6*n + 2*n = -g. Suppose 6*h - h = -5*z + 30, z - n = 0. Calculate the remainder when h is divided by 2.
0
Calculate the remainder when (-459)/(-6) + (9/6 - 1) is divided by 28.
21
Let x(r) = r**3 + 6*r**2 - 4*r - 22. Suppose -3*w - 2*w + 10 = 0. What is the remainder when w is divided by x(-6)?
0
Suppose 5*a = j + a - 9, -j + 8 = -5*a. Calculate the remainder when 49 is divided by j.
10
Let u = -139 - -94. Suppose 7*v + 16 = 3*v. Let g = v - u. What is the remainder when g is divided by 14?
13
Suppose c - 2*c - 11 = -2*z, 0 = -c - 3. What is the remainder when z is divided by 3?
1
Let z(t) = -4*t - 3. Let i(a) = 1. Let b(r) = -5*i(r) - z(r). What is the remainder when ((-12)/15)/((-4)/170) is divided by b(5)?
16
Suppose -t - 30 = -4*y + 4*t, 0 = 2*y + 5*t. Suppose y*z - 16 = -3*q + 14, 5*z - 5*q = 70. Suppose -z - 21 = -u. What is the remainder when u is divided by 8?
6
Suppose 0*k + 4*k - 152 = 0. Suppose k + 70 = 4*f. Let y = -5 + f. What is the remainder when y is divided by 12?
10
Let t(h) = -h**3 + 6*h**2 + 5*h - 3. Let o be -2 - (2 + 12)/(-2). What is the remainder when t(o) is divided by 16?
15
What is the remainder when 1 - (1 + (-4 - -2)) is divided by 2?
0
Let h(b) = 94*b**2 - 1. Calculate the remainder when h(1) is divided by 16.
13
Let d be (-10)/5 - (-5 - -2). Suppose -2*a + 60 = 3*a. What is the remainder when 824/24 - d/3 is divided by a?
10
Let a(n) = -n**3 - 3*n**2 + 3*n - 1. Let p be a(-4). Suppose 2*w = p*w - 17. What is the remainder when w is divided by 10?
7
Calculate the remainder when (-18)/(-24)*(10 - 1)*16 is divided by 22.
20
What is the remainder when (3/((-45)/(-20)))/((-4)/(-126)) is divided by 24 + -1 + 1/(-1)?
20
Suppose -2 = -3*v + 4. Suppose -5*p - 13 = -v*l, -4*p + 15 = 4*l + 3. Suppose 0 = -l*m + 5*m - 12. Calculate the remainder when 34 is divided by m.
10
Let m(f) = -12*f - 3 + 4 - 3. Calculate the remainder when m(-3) is divided by 2/(-4)*(-23 + -1).
10
Suppose 0 = 3*x + 6*x - 54. What is the remainder when 35 is divided by x?
5
Let s = 10 - 8. Let z(b) = b**3 - 5*b**2 + 2*b - 3. Let q be z(5). Suppose s*g = -5*a + 28, 3*a - 4*g - q = 15. What is the remainder when 23 is divided by a?
5
Let h(y) be the second derivative of 5*y**3/6 + 5*y**2/2 + 4*y. Calculate the remainder when h(6) is divided by 9.
8
Suppose 15 + 17 = 4*r. What is the remainder when 13 is divided by r?
5
Suppose 0 = 2*u - 3 - 25. What is the remainder when 2/(-6)*(-5 - 118) is divided by u?
13
Let o(q) = -3*q**3 - 4*q**2 + 6*q + 5. Let y be o(-4). Let k = 179 - y. Calculate the remainder when k is divided by 24.
22
Let l(a) = 3*a**3 - 3*a**2 - 5*a + 3. Calculate the remainder when 72 is divided by l(2).
2
Let l(r) = 2*r**2 - 8*r - 5. Calculate the remainder when l(6) is divided by 10.
9
Let f(g) = g**3 - 16*g**2 + 18*g - 22. What is the remainder when f(15) is divided by 5?
3
Suppose -2*t + 0*s = 5*s - 71, t = -5*s + 28. Suppose 5*m = 4*z - 33, 14 = -5*z - 4*m + 4. Calculate the remainder when (-1 + 3)/(z/t) is divided by 15.
13
Let t(y) = y - 1. Let l be t(7). Suppose -2*g = -l*g + 132. Calculate the remainder when g is divided by 18.
15
What is the remainder when ((-6)/(-9))/(14/777) is divided by 13?
11
Suppose 3*p - p = 32. Suppose -2*t - 2*b + 2 = 0, -3*t = -0*t + 4*b. Suppose 5*f = 34 - t. What is the remainder when p is divided by f?
4
Suppose 10*p + 200 = 15*p. Calculate the remainder when 117 is divided by p.
37
Suppose -a - q - 3 = 0, -2*a = -3*a + 5*q + 15. Let z = a + 0. What is the remainder when (-19 + -4)*(z - 2) is divided by 16?
14
Let v(l) = -l**3 + 7*l**2 + 12*l - 11. Calculate the remainder when 40 is divided by v(8).
19
Let b be ((-42)/5)/((-3)/10). Calculate the remainder when (-4)/(-5)*(-3 + b) is divided by 7.
6
Suppose 6*g - 275 - 127 = 0. Calculate the remainder when g is divided by 14.
11
Suppose 2*l + l - 3*s = 24, l + 5*s = -10. Let w(d) = 6 - l*d - d - d + 2*d. What is the remainder when w(-5) is divided by 11?
9
Let g = 2 + 12. Let y = 42 + -16. Calculate the remainder when y is divided by g.
12
Suppose 0 = -3*q + 79 + 17. Calculate the remainder when 125 is divided by q.
29
Let j = -3 + 7. Suppose -j*n - 4*s = -s - 148, -5*n - 5*s = -180. Calculate the remainder when n is divided by ((-28)/10)/((-1)/5).
12
Let a = -6 - -4. Let j be 1/a + 28/8. Suppose 11 = -2*z + 5*f, -4*z - f = j*f - 48. Calculate the remainder when 13 is divided by z.
6
Suppose v + 44 = 2*v. Suppose 3*i = -y - 5 + 20, 4*y - 4*i = v. Suppose -4*n = -5*h - 84 - 46, n + 5*h = 45. Calculate the remainder when n is divided by y.
11
Suppose 6*m - 32 = 4*m. What is the remainder when 62 is divided by m?
14
What is the remainder when 16 is divided by (-10)/(-45) - -1*(-156)/(-27)?
4
Let v = 23 + -9. What is the remainder when 69 is divided by v?
13
Let s = 1 + 2. Suppose -12 = -s*a, x - 4*a = -0*x. Suppose 5*t - 61 + 16 = 0. What is the remainder when x is divided by t?
7
Suppose -3*v - 4 = -v. What is the remainder when (-5)/15 + (-58)/(-3) is divided by (7 + 1)/1 - v?
9
Suppose -5*g + 8 - 20 = -3*o, 3*g - 45 = -4*o. Let p(y) = y**2 - 8*y - 5. Calculate the remainder when 6 is divided by p(o).
2
Suppose -21 = 5*v + 54. Let p = v + 36. What is the remainder when p is divided by 6?
3
Let j(f) = -f**3 - 2*f**2 - f + 88. What is the remainder when j(0) is divided by 23?
19
Suppose 0 = -7*c + 6*c + 19. Calculate the remainder when c is divided by 7.
5
Let r(c) = c - 1. Let h(x) = -x**2 - 6*x + 5. Let b(o) = h(o) - 3*r(o). Calculate the remainder when b(-8) is divided by 6.
4
What is the remainder when 15 is divided by (8/(-7))/(8/(-28))?
3
Suppose -23 = -4*f - 4*z + 49, 15 = f + 2*z. Suppose 0 = 4*d - 117 + f. Calculate the remainder when d is divided by 13.
11
Suppose -31 - 369 = -8*p. Calculate the remainder when p is divided by 17.
16
Let x = 23 + -13. What is the remainder when 27/18*(0 - -12)*1 is divided by x?
8
Let q be (-7 - -1)*(-8)/12. Suppose -v + q + 0 = 0. Suppose -5*a = -2*c + 90, v*a = -a. What is the remainder when c is divided by 16?
13
Let i(p) = p**2 - p - 5. Let u(r) = -r + 11. Let a be u(7). Calculate the remainder when 19 is divided by i(a).
5
Let m = 250 - 176. Calculate the remainder when m is divided by 15.
14
Let a = 9 - 1. Suppose -r = -a - 6. Calculate the remainder when 26 is divided by r.
12
Suppose 3*x - 162 = -3*x. What is the remainder when 80 is divided by x?
26
Let w(t) = 5*t**2 + t - 5. Let n(c) = -c**2 + 1. Let f(o) = -6*n(o) - w(o). Calculate the remainder when 21 is divided by f(4).
10
Let v(n) = 5*n + 2. Let x(q) = -q**3 - 2*q**2 - q + 2. Let b be x(-2). Let o be v(b). Suppose -c + o = 4. Calculate the remainder when c is divided by 10.
8
Let d = 33 - 25. Calculate the remainder when 71 is divided by d.
7
Suppose -5*x = -0*m + m - 19, -4*m = -16. Calculate the remainder when (0 - 16/(-12))*6 is divided by x.
2
Let o be 2/(-3) - 255/9. Suppose -40 = -3*k + 5*c, -5*k - 2*c + 46 = -0*k. What is the remainder when -1*o/(-1 + 2) is divided by k?
9
Suppose -2*a + 0*a + 20 = 0. Suppose -3*s = 4*l - 74, 0*s + 3*s - 91 = -5*l. Calculate the remainder when l is divided by ((-12)/(-5))/(4/a).
5
Suppose -u - l = 0, l - 2 = 5*u + 10. Calculate the remainder when (-1)/(2/37)*u is divided by 13.
11
Let u(a) = -a - 6. Let g be u(-9). Let r = 4 + 1. Suppose r*t = 3*j + 50, -11 = -3*t - g*j + j. Calculate the remainder when 12 is divided by t.
5
Suppose -3*w - 35 + 101 = 0. What is the remainder when 64 is divided by w?
20
Suppose 2*c = 5*c - 